- 7*z. Calculate the remainder when z is divided by (-4)/10 - (-77)/5.
14
Let y(m) = -3*m + 5. Let q = -8 - -4. What is the remainder when 49 is divided by y(q)?
15
Suppose 4*q = 5*q. Suppose q = 3*c + 3*y - 18, 4*y = 3*c + y. What is the remainder when 6 is divided by c?
0
Let l be 1 + -4 + (6 - 4). Let d = l + 1. Suppose -2*g = 5*p, -4*g = -d*g + 3*p - 28. What is the remainder when g is divided by 6?
4
Let o(r) = 4*r**2 - r + 2. What is the remainder when 63 is divided by o(2)?
15
Suppose -2 = -3*c + 10. Suppose -j - j + 52 = c*k, -j - 5*k + 29 = 0. What is the remainder when j is divided by 13?
11
Calculate the remainder when 0/5 - -4 - -79 is divided by 17.
15
Let l(v) = 4*v - 2. Suppose -5*x = -3*x + 4*s - 118, -5*x = 2*s - 263. Suppose -h = -4*h + x. Calculate the remainder when h is divided by l(2).
5
Let v = 15 + -11. Let i be 8/(-16)*v*1. What is the remainder when i/(-4) + 292/8 is divided by 13?
11
Let m be 1*(-1 + 6) - 1. Suppose -3*i + 4*i = m, -f = 3*i - 25. Let q = 2 + 23. Calculate the remainder when q is divided by f.
12
Suppose -x - a + 27 = 3*a, -3*a + 12 = 0. Let g = 22 + 9. What is the remainder when g is divided by x?
9
Let c = 17 + -4. What is the remainder when 38 is divided by c?
12
What is the remainder when (-87)/6*(3 + -5) is divided by 10?
9
Let j = -39 + 8. Let p = 14 - j. What is the remainder when p is divided by 16?
13
Suppose 5 = 9*l - 31. Calculate the remainder when l is divided by 3.
1
Let g(h) = -h**2 - 22*h + 6. What is the remainder when g(-17) is divided by 23?
22
Suppose -k = -0*k - 14. Suppose o = 6*o - 265. What is the remainder when o is divided by k?
11
What is the remainder when (-4)/(-16) + 693/12 is divided by 15?
13
Let w(d) = 4*d**3 + d**2 + d - 1. Calculate the remainder when 20*(0 - 4/(-10)) is divided by w(1).
3
Calculate the remainder when 83 is divided by -1*(-6 + 20)*(-3)/2.
20
Suppose 20*i - 26 - 54 = 0. Calculate the remainder when 14 is divided by i.
2
Let i be (1 - 3)*(-3)/2. Let t = 5 - i. Suppose -2*a - 3*f + 24 = -35, t*f + 54 = 2*a. What is the remainder when a is divided by 10?
8
Let n = 65 + -43. Calculate the remainder when 86 is divided by n.
20
Let y(h) = h - 3. Let b be y(6). Suppose -4*u + a - b*a = -52, 0 = -5*u - 5*a + 70. Calculate the remainder when 11 is divided by (21/u)/((-1)/(-4)).
4
Suppose -2*q - q = -60. Let m(p) = p**3 + p**2 + p + 1. Let a be m(0). What is the remainder when 29 is divided by ((-3)/(-4))/(a/q)?
14
Suppose -3*a + 2*o - 4 = -4*a, -4*a + 36 = -2*o. Suppose 4*m = 55 + 9. Let c = m - 11. What is the remainder when a is divided by c?
3
Let z(o) = o**2 + 3*o + 6. Let n(g) = g**2 - 6*g + 6. Let c be 2/(-9) + 56/9. Calculate the remainder when z(-4) is divided by n(c).
4
Let v(q) = 5*q**2 - 5*q + 4. What is the remainder when 36 is divided by v(2)?
8
Let n = 15 - 15. Suppose n*r - 2*r = -4. What is the remainder when r is divided by 2?
0
Suppose 0 = -5*k + k + 304. Suppose 0 = -5*o + 20, 6*o - 3*o = 5*j - 53. Calculate the remainder when k is divided by j.
11
Let c be 0 - -1 - (-11 + 0). Let u be (0/(-2))/(-1 - -2). Let k = u + c. What is the remainder when 34 is divided by k?
10
Suppose 81 = -5*c - 44. Calculate the remainder when 5 + (-2)/1 - c is divided by 10.
8
Suppose -72 = -5*a - 27. Calculate the remainder when 43 is divided by a.
7
Suppose p - 4*l = 21, l + 23 = 4*p - 46. What is the remainder when 48 is divided by p?
14
Suppose -3*o - 10 = -4*o. Let i be -1*-2*(-3)/(-2). Suppose -1 = -m + i. What is the remainder when o is divided by m?
2
Let c(f) = -f**3 + 9*f**2 - 9*f + 17. Let a(h) = -h**3 + 5*h**2 + h - 4. Calculate the remainder when a(4) is divided by c(8).
7
Suppose 4*a - 3*a = 5*l - 1, 4*l = -3*a + 73. Calculate the remainder when (-261)/(-7) - 2/7 is divided by a.
18
Let m(z) = z**3 + 8*z**2 + 2*z - 5. Let p = 12 - -9. What is the remainder when m(-5) is divided by p?
18
Let s(g) = 2*g**3 - 8*g**2 + 9*g - 2. Suppose 24 + 21 = 5*l. Calculate the remainder when s(4) is divided by l.
7
Suppose -h + 4*b = 2*b - 8, 5*b - 2 = -3*h. Suppose x = -0*x + 3*j + h, 0 = 2*x + 5*j - 63. Calculate the remainder when x is divided by 5.
4
Let p = 5 + 0. Let d = 3 - p. Calculate the remainder when 18 is divided by (-8)/(-6)*(-15)/d.
8
Suppose -4*l + 63 - 23 = 0. Calculate the remainder when 37 is divided by l.
7
What is the remainder when (-23)/((-4)/16*2*2) is divided by 9?
5
Suppose 3*z + 7 = 22. Suppose -d = 5, -12 = 4*x + 5*d - d. What is the remainder when z is divided by x?
1
Suppose 2*u = 4*u + 24. Let p = 32 + u. Calculate the remainder when 1*117*((-9)/3)/(-9) is divided by p.
19
Suppose 9 = a + 2*c, -3*a + 4*a + 3*c = 11. Let z(y) = y**2 + y - 3. Let l be z(0). What is the remainder when (1 + l)*(-9 + 2) is divided by a?
4
Let a be ((-2)/(-3))/(5/90). Suppose 2*v = 4*v - a. Let c = -3 + v. What is the remainder when 10 is divided by c?
1
Let a = 23 - 7. Calculate the remainder when 58 is divided by a.
10
Suppose n - 4*a - 19 = -2*n, 0 = -3*n - a + 44. Calculate the remainder when 51 is divided by n.
12
Let y = -3 + 6. Calculate the remainder when -2 + 0 - (-4 + -9) is divided by y.
2
Suppose -6 - 7 = -u. Calculate the remainder when u is divided by 4.
1
Let n(l) = 9*l - 10. Calculate the remainder when n(4) is divided by 9.
8
Suppose 0 = -2*h - 4. Calculate the remainder when 436/6 - h/6 is divided by 25.
23
Let d = -12 - -59. Calculate the remainder when d is divided by 10.
7
Let k(i) = i**2 - 7*i + 2. Let b be k(7). Suppose -68 = -3*o - 5*u, -5*o + u = b*u - 84. What is the remainder when 31 is divided by o?
15
Let o be (-36)/(-8) - 1/(-2). Suppose 3*p = 4*p - o. Suppose 6*k = k + 40. Calculate the remainder when k is divided by p.
3
Calculate the remainder when 61 is divided by 19 - 6*2/4.
13
Suppose 6*w - 132 = -0*w. Calculate the remainder when 42 is divided by w.
20
Calculate the remainder when (6 - 3) + -1 + 102 is divided by 18.
14
Let h = 9 - -5. Calculate the remainder when 40 is divided by h.
12
Let i be 5*(2 - 24/15). Let f be (i/(-6))/((-3)/261). Suppose -2*n + 57 = -f. What is the remainder when n is divided by 15?
13
Let j = 25 - 15. Calculate the remainder when 47 is divided by j.
7
Let c be (-66 + -2)/(-4)*1. Let j be 0 - 1 - -2*6. Let s = c - j. Calculate the remainder when 16 is divided by s.
4
Let f be 46/10 + 2/5. Suppose 0 = -5*h + 5*d + 225, -f*h + 0*d = -3*d - 231. Suppose -5*t + h - 8 = 0. What is the remainder when t is divided by 5?
3
Let l(z) = 5*z + 4. Let r(c) = -c - 1. Let b(x) = l(x) + 3*r(x). Calculate the remainder when 16 is divided by b(4).
7
Let v = -5 - -8. Suppose -4*z = -z - 3*l + 18, v*z + 2*l - 7 = 0. Let t = 21 + z. Calculate the remainder when t is divided by 7.
6
Suppose -6 = -5*j + 119. Suppose -4*s + 2*v + 1 + 23 = 0, 0 = -4*s - 4*v + 36. What is the remainder when j is divided by s?
4
Suppose 3*p + 3 = 6. Let f be 1 - (-2*p - -3). Let j = f - -3. What is the remainder when 8 is divided by j?
2
Suppose -3*n + 11 - 1 = 5*y, 3*y = n - 22. What is the remainder when 79 is divided by (40 + -15)*8/n?
19
Suppose 0 = -4*x - 5*r + 104, 0*x = x - 2*r - 26. What is the remainder when x is divided by 6?
2
Let y(c) = c**3 - 7*c**2 - 7*c - 5. Let g(s) = -4*s**2 + s + 1. Let q be g(-1). Let o be (-34)/q - (-4)/(-8). Calculate the remainder when 7 is divided by y(o).
1
Let u(y) = -y**2 - 6*y + 2. Let m(p) = p**2 + 8*p + 1. Let d be m(-7). Let v be u(d). Suppose 0 = v*g - 4*g + 10. What is the remainder when 18 is divided by g?
3
Suppose 3*v + 1 - 16 = 0. Let c = v - 10. Calculate the remainder when -3*(c + -2) + 1 is divided by 8.
6
Let f(s) = -33*s - 3. Calculate the remainder when f(-2) is divided by 16.
15
Suppose 4*i = 115 + 13. Suppose 5*n + 0 = 15, -4*y + 3*n + 35 = 0. What is the remainder when i is divided by y?
10
Let a(m) = -5*m**2 + m + 1. Let j be a(-3). Let u = 90 + j. What is the remainder when u is divided by 15?
13
Let p(a) = 2*a**2 + a - 1. What is the remainder when p(-3) is divided by 8?
6
Suppose -3*y = 126 - 18. Let j = -11 - y. What is the remainder when j is divided by 9?
7
Let d(z) = -2*z**3 - 3*z**2 + z + 2. Let m be d(-2). Calculate the remainder when 148/5 - m/(-10) is divided by 11.
8
Suppose -84 - 36 = -4*u. Suppose 27 + u = 3*b. Calculate the remainder when 37 is divided by b